Calculate the greatest common factor of o and 4.
4
Let v(i) = -i**3 + 18*i**2 + 50*i - 40. Let k be v(20). What is the greatest common divisor of 200 and k?
40
Let x = 136 - -159. Calculate the highest common factor of x and 177.
59
Let p = -856 + 877. What is the highest common divisor of p and 14?
7
Let r = -92 - -123. Suppose -210 - 162 = -4*k. What is the greatest common divisor of k and r?
31
Suppose -k - 9 = -2*k. Let s(b) = -83*b - 388. Let p be s(-5). Calculate the greatest common divisor of p and k.
9
Let k = -198 + 199. What is the highest common divisor of 23 and k?
1
Let q = -16 - -18. Suppose q*b - 8 + 6 = 0. Suppose 2*m + 5*x + 14 = 0, 3*m - 5*x - 33 + 4 = 0. Calculate the highest common divisor of m and b.
1
Let b(k) = -109*k**3 - 1. Let t be b(-1). Let c(s) = s + 18. Let v be (0/2 - -3) + -9. Let i be c(v). What is the greatest common divisor of i and t?
12
Let i = 30 + -95. Let f = -49 - i. Calculate the greatest common factor of f and 40.
8
Let p = -39 - -56. Let q = 208 + -123. Calculate the greatest common factor of q and p.
17
Suppose -4*o = -5*o - 4. Let n = o - -21. What is the highest common factor of 17 and n?
17
Let g(k) be the second derivative of -4*k**3/3 - 4*k**2 + 2*k. Suppose 30 = -3*a - 2*a. Let z be g(a). What is the highest common factor of z and 10?
10
Let r be 9/(36/(-20) - -2). Let q = 39 - 35. Suppose -2*w - q + 14 = 0. Calculate the highest common divisor of r and w.
5
Let k be (-2)/4 - 1/(-2). Suppose 2*b - 99 - 46 = 5*p, -3*b + 5*p + 220 = k. Let u be (15/12)/(1/12). What is the highest common divisor of u and b?
15
Let d be (-41 - -48) + 6*2/(-3). What is the highest common divisor of 27 and d?
3
Let f be (8/10)/((-1)/(-30)). Suppose -5*p + 2*q + 2*q = -50, -8 = 2*p + 4*q. Suppose 17*r - 18*r + p = 0. Calculate the highest common factor of f and r.
6
Let d = 113 - 14. Suppose 45*w - 5*w = 880. Calculate the greatest common factor of d and w.
11
Let g be (-248)/1364 - (-94)/22*8. What is the highest common factor of g and 2737?
17
Suppose 0 = 3*z - 137 - 91. Let c = z - 46. What is the greatest common divisor of 15 and c?
15
Let u(q) be the third derivative of q**4/12 - 13*q**3/6 - 19*q**2. Let s be u(12). What is the greatest common divisor of 143 and s?
11
Let l be (12/(-36))/(-1 - (-69)/72). What is the greatest common divisor of 44 and l?
4
Let y be 2*(30/(-12))/((-15)/36). What is the highest common factor of y and 3?
3
Let m(h) = -40*h + 72. Let p be m(-4). Calculate the greatest common divisor of 8 and p.
8
Let i(g) = 2*g**2 + g + 1. Let f be i(-2). Suppose 0 = -f*s + 5*s + 160. What is the highest common divisor of 32 and s?
16
Let f(m) = -m**3 + 10*m**2 + 32*m - 89. Let x be f(12). Calculate the greatest common factor of x and 21.
7
Let g = 150 + -106. Suppose g = -4*l + 220. What is the greatest common divisor of 484 and l?
44
Let w = -79 - 9. Let d = -61 - -65. Let m be d - (-7)/((-28)/w). Calculate the highest common divisor of 26 and m.
26
Let c(p) = -p**3 - 17*p**2 + p + 20. Let b be ((-34)/4)/(1/2). Let o be c(b). What is the greatest common divisor of o and 21?
3
Let d = -489 + 537. What is the greatest common factor of d and 84?
12
Let y be (55/(-10))/(5/(-10)). Let f = -9 + 42. What is the highest common factor of y and f?
11
Let s be (-45)/(-3)*(-4)/(-12). Calculate the greatest common factor of 20 and s.
5
Let u(w) be the second derivative of -7*w**3/6 - 9*w**2/2 + 8*w. Let n be u(-12). Calculate the highest common divisor of n and 25.
25
Let s(r) = 11*r**3 + 2*r**2 - 2*r + 1. Let c be s(2). Suppose -4*o = -o - c. What is the greatest common factor of o and 62?
31
Let n(s) = 40*s + 33. Let i be n(0). What is the greatest common factor of 495 and i?
33
Let w(h) = -h**3 - 9*h**2 - 2*h + 4. Let z be w(-9). What is the highest common divisor of 77 and z?
11
Let c be 154/4 - (-7 + (-65)/(-10)). Calculate the greatest common factor of 26 and c.
13
Let c = 17 + -14. Suppose -2*a = -c*a + 12. Let l = 36 - a. Calculate the greatest common factor of l and 264.
24
Let u = -107 + 149. Calculate the greatest common divisor of 147 and u.
21
Let i(r) = 4*r**2 + 4*r - 1. Let k be i(-2). Let d be (-56)/20*((-380)/8 + 0). What is the greatest common factor of d and k?
7
Let v = 80 - -298. Let z = v - 250. Calculate the highest common factor of 16 and z.
16
Let c be -42*-2*(0 - -1). Let l be 24/(-30) - 872/(-40). Calculate the highest common divisor of c and l.
21
Let s be 1*(-7)/(28/(-36)). Let d be 3*(492/s)/1. Suppose 425 - d = 3*g. What is the highest common factor of 29 and g?
29
Let p = -1 + 4. Let h be -2*(-2 - (4 - 8)). Let o = h + 13. Calculate the greatest common factor of o and p.
3
Let i be ((-2)/4)/((-3)/12). Suppose 64 = i*t - c, 3*c - 74 = -2*t - c. Suppose 2*s + t = 3*s. What is the highest common factor of 22 and s?
11
Let w(z) = z**3 - 3*z**2 - 2*z. Let d be w(5). Let g = -26 + d. What is the greatest common factor of g and 14?
14
Let m(b) = 63*b**2 + 1. Let n be m(-1). Let t be 400*(112/80 + -1). Calculate the highest common divisor of n and t.
32
Let r = 6 - 0. Let g(b) = b. Let p be g(r). Calculate the greatest common divisor of 66 and p.
6
Let v be 0*(65/20 + -3). Suppose 0*y + 3*y - 420 = v. What is the highest common divisor of 56 and y?
28
Suppose 0 = 2*r + 3*w - 3, -13 = -4*r - 4*w + 5*w. Suppose -4*f = -r*h - 135, -3*h = -f + 2*f - 45. What is the highest common divisor of f and 60?
12
Suppose 0 = 13*q - 9*q - 60. Let f(z) = -3*z + 16. Let m be f(q). Let t = m - -60. Calculate the greatest common divisor of t and 217.
31
Let m(j) = 43*j - 60. Let x be m(2). Calculate the highest common factor of x and 689.
13
Let p be (8/20)/(3/45). Suppose 0 = 5*f - 20, -4*g = -5*g + 4*f - 7. Calculate the greatest common divisor of g and p.
3
Suppose 0 = -5*n - 2*s + 1221, 0 = -4*s - s + 15. Let i = -148 + n. Suppose -3*u + i = 2*u. Calculate the highest common factor of u and 152.
19
Suppose -21*h = -19*h - 68. Suppose -g + 4*q - q + h = 0, 0 = g + 3*q - 34. What is the highest common divisor of g and 17?
17
Suppose -168 = 3*p + 2*p - 2*q, 0 = 4*p + 2*q + 138. Let a be (1 - -2)*p/(-6). What is the greatest common divisor of a and 34?
17
Let p be ((-5670)/3)/(-6) + -3 + -4. Calculate the highest common factor of p and 56.
28
Let l = -10 + 90. What is the greatest common divisor of l and 5?
5
Let d = 346 + -333. Let r(c) = c**3 + 7*c**2 + 4*c - 4. Let y be r(-5). What is the highest common factor of y and d?
13
Let y be (-10)/30 + (-32)/3. Let v(b) = -b**3 - 12*b**2 - 11*b + 3. Let g be v(y). Let h be 72/3*g/6. What is the greatest common divisor of 84 and h?
12
Let m be 4 - (-4 + 0 + 6). Let f(g) = -15*g - 9 - 1 - 15*g**m + 1 + 5 - g**3. Let i be f(-14). What is the highest common factor of i and 20?
10
Let i(r) = 21*r + 233. Let x be i(7). Calculate the greatest common factor of x and 152.
76
Suppose 3*v + 4*z = 59, -4*v + z = -9 - 95. Let a(s) = -26*s - 2. Let f be a(-2). What is the greatest common factor of v and f?
25
Let t = -30 + 50. Let l = t - 15. Suppose -2*h - 3 + l = 0. Calculate the greatest common factor of 3 and h.
1
Let m(k) = 4*k**2 - k - 2. Let l be m(2). Let n be (0 - (-789)/l) + (-12)/16. What is the highest common factor of n and 26?
13
Suppose -728 = -5*a + 2*t, -4*t - 19 = -3. Calculate the greatest common divisor of a and 8.
8
Let f(m) = 32*m - 87. Let c be f(16). What is the greatest common divisor of c and 25?
25
Suppose -17 + 1 = -4*q. Suppose 4*h - 32 = -5*p, h + q = 4*p - 30. Suppose -4*u = w - 51 + 17, 5*u = 3*w + 34. What is the greatest common divisor of p and u?
8
Suppose -3*p + 7*s - 5*s + 5824 = 0, 5*p = 4*s + 9710. Calculate the greatest common factor of p and 114.
114
Let j(a) = -a**3 - 24*a**2 + 38*a + 105. Let u be j(-26). What is the highest common factor of 14 and u?
7
Let x = -1809 - -2194. What is the highest common divisor of x and 55?
55
Suppose 2*s - 1290 = -0*f - 2*f, -3*f - 4*s + 1936 = 0. Let j = -6 + 11. Suppose f = j*k + 14. Calculate the greatest common divisor of k and 18.
18
Suppose 136*k - 134*k - 18 = 0. Suppose -5*m + 5*w - 2*w = 16, -8 = m - 3*w. Let p be 18/m*2/(-2). Calculate the greatest common factor of k and p.
9
Let u = -103 + 112. Suppose -u*v + 180 = v. What is the greatest common divisor of v and 72?
18
Let b(m) = 5*m*